of z and 22.
22
Let v(s) = -s**2 - 104*s - 2058. Let y be v(-27). Calculate the greatest common divisor of 259 and y.
7
Let q = 312 + -145. Let z = q + -161. Calculate the highest common factor of z and 246.
6
Suppose -7*g + 4 = -5*g. Let o(j) = -75*j + 141*j - 68*j + j**g - 11. Let v be o(-5). What is the greatest common factor of 8 and v?
8
Let t(l) be the first derivative of l**3/3 + l**2/2 - 58*l + 6. Let w = 74 - 64. Let i be t(w). Calculate the highest common divisor of i and 78.
26
Let m be (1222/(-16))/((-10)/80). Calculate the greatest common factor of 208 and m.
13
Suppose 2*l + 3*z + 47 = 0, 5*l + z = -0*z - 150. Let a = l + 13. Let j = 23 + a. What is the greatest common divisor of 2 and j?
1
Let y(h) = 2*h**2 - 7*h - 1. Let s(u) = 2*u**2 - u - 1. Let c be s(2). Let t be y(c). Let i be (140/80)/(3/264). Calculate the highest common factor of t and i.
14
Suppose 182*y = 186*y + 4*s - 4092, -2*y + 3*s = -2061. What is the greatest common factor of y and 1482?
114
Let x = -1576 + 2680. What is the highest common divisor of 88 and x?
8
Let g(h) = 49*h + h**2 - 241 + h**2 + 277. Let i be g(-24). Suppose -5*f + 696 = -144. Calculate the greatest common divisor of i and f.
12
Let b = 170 + -146. Let o be b/(-9)*(-14 - 4). Calculate the highest common factor of o and 72.
24
Let s be 210/(7 + -2)*(-43)/2. Let y be (-5160)/s + (-1)/7*-2. What is the highest common divisor of 64 and y?
2
Let j = 94 - 68. Let a = j - 42. Let i be (9*2/3)/(a/(-40)). What is the greatest common factor of 135 and i?
15
Let p(y) = -y**3 - 67*y**2 - 258*y + 698. Let g be p(-63). Calculate the greatest common divisor of g and 12.
4
Suppose 0 = -20*j + 2424 + 1716. Calculate the greatest common factor of 966 and j.
69
Suppose -3*w - 4 + 22 = 0. Let z be (8/2)/(w/99). Calculate the greatest common divisor of 55 and z.
11
Let q be 578/4 + (12 + -6)/(-12). Suppose -4*d = 3*p + 2*p - 520, -3*p + 4*d = -344. Calculate the highest common factor of p and q.
36
Suppose 0 = 2*u - 5*c - 91, -5*c + 7*c = u - 46. What is the highest common factor of 372 and u?
12
Suppose 30 = -5*f, 77*f = 3*b + 78*f - 525. Calculate the highest common factor of 9 and b.
3
Suppose x + v = 4, 5*v + 0*v - 6 = 2*x. Let l(s) = 12*s**2 + 3*s. Let t be l(-2). Suppose -g + t = 13*g. Calculate the highest common divisor of g and x.
1
Let n be (-3 + 255/35)*(-49 + 0). Let l = 221 + n. What is the greatest common divisor of 143 and l?
11
Let s(t) = -1409*t - 9191. Let m be s(-7). Calculate the greatest common factor of 4816 and m.
112
Let o = 399 - 404. Let d(w) = -w**2 - 10*w. Let h be d(o). Calculate the highest common factor of 200 and h.
25
Let r(p) = 7856*p - 1954. Let k be r(3). What is the highest common divisor of k and 404?
202
Suppose -30 = -4*h - y - y, 20 = h + 3*y. Suppose -h*c + 399 = -21. Let t be c/10*60/24. What is the greatest common factor of t and 21?
21
Suppose 0 = 2*g + 3*s - 626, g - 391 + 87 = 3*s. Let b = g + -302. Calculate the greatest common factor of 152 and b.
8
Suppose 0 = c, 3*c + 90 = 10*w - 5*w. Suppose -o = 3*z - w - 16, -4 = -z. Calculate the greatest common factor of o and 352.
22
Let r be 32365/35 - 25/35. What is the highest common factor of 140 and r?
28
Suppose -4*r = g - 76, 0*r + 4*r + 3*g = 68. Let w = 102 - 97. Suppose c - 98 = -5*d - c, w*d = 5*c + 105. What is the highest common divisor of d and r?
20
Let x be (-1016)/(-1 - (-205)/335) - (-6)/(-39). Calculate the highest common divisor of x and 385.
77
Suppose -19*v = -20*v - 3*z + 709, 0 = -2*v - 7*z + 1420. What is the greatest common factor of v and 114?
19
Let p be 0/1*(6 - 13/2). Suppose p = -5*w + 2*v + 79, 0 = 2*w - v - 19 - 12. Let b = -1 + 2. Calculate the greatest common factor of b and w.
1
Let p = -367 + 383. Let s = -21 + 33. Let f = p - s. What is the highest common divisor of f and 8?
4
Let z = 6253 - 5416. Calculate the greatest common divisor of 465 and z.
93
Let q(y) = -y**3 + 10*y**2 + 67*y - 366. Let r be q(7). Calculate the greatest common factor of 450 and r.
50
Let n(i) = -27*i + 1428. Let o be n(42). Calculate the highest common factor of 1274 and o.
98
Suppose 0 = 29*a - 27*a - 2. Let d be 3/a*1/(27/5490). Calculate the greatest common factor of d and 20.
10
Suppose 2*q - 3*p - 21 = 0, -q - 3*q - p + 35 = 0. Let n(h) = -h**2 + 6419*h + 265193. Let g be n(-41). Calculate the highest common divisor of q and g.
9
Let l = 3138 - 1488. Calculate the greatest common factor of 44 and l.
22
Suppose -3*w - 22 + 88 = 0. Suppose -2865 = -w*u + 897. Calculate the greatest common factor of 18 and u.
9
Suppose 108*t = 92*t + 2064. What is the greatest common factor of t and 42?
3
Suppose -31*a = -11*a - 77*a + 516192. What is the greatest common factor of 32 and a?
32
Let b = 165 + -177. Let d be -2*(-1)/b - 191429/(-174). What is the greatest common factor of d and 25?
25
Let p = 45 + -42. Suppose 0 = -p*q - 2*s - 102, -6*s - 27 = q - 3*s. Let w = q + 72. Calculate the highest common factor of w and 48.
12
Let w = 56 + -38. Let o be ((-1 - 0)*(-3)/(-9))/(288/(-38880)). Calculate the greatest common divisor of w and o.
9
Suppose 4*m + l + 2531 = 0, 0 = -5*m - 9*l + 5*l - 3161. Let h = m + 681. What is the greatest common divisor of 132 and h?
12
Let z(d) = 210*d**2 + 148*d + 753. Let p be z(-6). What is the greatest common factor of p and 66?
33
Let t = 0 - 3. Let r(q) = 10*q - 288 - 282 + q**2 + 2*q**2 + 591. Let m be r(t). Calculate the greatest common factor of m and 9.
9
Let h = -6588 - -6666. Calculate the greatest common factor of 78 and h.
78
Let f = 833 + -274. Let d = 135552 - 135509. Calculate the greatest common divisor of d and f.
43
Let x(b) = 8*b**2 - 22*b + 16. Let r be (146/5)/((-4)/(-10) - 0). Let j = r + -65. Let a be x(j). Calculate the highest common divisor of a and 44.
44
Suppose 2*q + 5*y = -3*q - 50, -48 = 5*q + 4*y. Let j be 18 + (-4 - (1 + q)). Suppose 3*b = j - 3. What is the greatest common factor of b and 96?
6
Let h(z) = -492*z + 5000. Let d be h(10). Let a = 20 + -12. Let j be (72/(-3))/((-6)/a). What is the greatest common factor of j and d?
16
Suppose -2*b = -4*z - 5*b + 8969, 2*z - 4489 = -3*b. Calculate the greatest common factor of 30 and z.
10
Let c be ((-64)/6 + 2)/((-5)/45) + 6. What is the highest common divisor of 108 and c?
12
Let d = -2131 - -2147. What is the highest common divisor of 258 and d?
2
Let l(s) = 3*s**2 - 5*s - 4. Let a be l(-2). Let v = a - 32. Let t be (-15)/(-4)*(v/(-3) - 2). What is the greatest common factor of t and 30?
10
Let l(x) = 100*x - 170. Let n(g) = 3*g + 63. Let d be n(-20). Let s be l(d). Calculate the highest common divisor of s and 10.
10
Let d(g) = 26*g - 820. Let t be d(62). Calculate the greatest common factor of 72 and t.
72
Suppose 12236 = 61*w + 31*w. Let o be -2*14*(-9)/12. Let y = w - o. What is the highest common divisor of 14 and y?
14
Let k(r) = 12*r**2 - 3*r. Let q be k(-3). Suppose -2*t = 3*v - 160, 4*v + 2*t + t = 214. Calculate the greatest common divisor of q and v.
13
Let o = 25 - 9. Suppose 0*g + 20 = -4*g, -21 = x + 5*g. Suppose 0 = -x*b + 2*b + 8. What is the highest common factor of b and o?
4
Suppose m - 2160 = -4*f, -f + 1571 - 1036 = -m. What is the highest common divisor of f and 308?
77
Let p be -3 - (1 + -2) - -1*8. Suppose p = -29*b + 26*b. Let w be (b/(-4))/((-5)/(-30)). Calculate the greatest common divisor of 27 and w.
3
Let v(l) = -30*l - 12. Let j be v(10). Let a = -177 - j. What is the highest common factor of a and 45?
45
Let c = 16 - 16. Suppose 2*y = 5*n + 42, -n + 51 = 5*y - 0*n. Suppose -v + y + 2 = c. Calculate the highest common divisor of v and 104.
13
Let y = 24 + -10. Let s(w) = 2*w**2 - 30*w - 301. Let m be s(-7). What is the greatest common factor of y and m?
7
Let o(n) = -n**3 - 23*n**2 + 44*n - 24. Let k be o(-25). Calculate the highest common divisor of 3654 and k.
126
Suppose 8*v - 3*v - 5*k = 555, 2*v = -k + 234. Let y be -139 - (-4 - -1) - -1. Let p = y - -181. What is the greatest common divisor of v and p?
23
Let a = 688 + -780. Let p be a/(((-6)/12)/1). Calculate the greatest common divisor of 16 and p.
8
Let c(u) = u**3 - 12*u**2 - 4*u + 32. Let w be c(12). Let n be (8/(-14))/((w/(-28))/(-2)). Calculate the greatest common factor of n and 218.
2
Let q = -126 - -152. 